{"id":1039,"date":"2023-09-06T09:44:43","date_gmt":"2023-09-06T07:44:43","guid":{"rendered":"https:\/\/www.tradimension.fr\/?page_id=1039"},"modified":"2026-03-06T18:32:36","modified_gmt":"2026-03-06T17:32:36","slug":"mesmerize","status":"publish","type":"page","link":"https:\/\/www.tradimension.fr\/","title":{"rendered":"Traductrice de l&rsquo;allemand et de l&rsquo;anglais vers le fran\u00e7ais"},"content":{"rendered":"<div id=\"overlappable-1\" class=\"overlappable-4 content-section content-section-spacing\" style=\"background-color: #f5fafd; background-image: none;\" data-label=\"Overlappable\" data-id=\"overlappable--1\" data-export-id=\"overlappable-4\" data-category=\"overlappable\" data-overlap=\"true\">\n<div class=\"gridContainer\">\n<div class=\"row spaced-cols text-center content-left-sm start-sm\" data-type=\"row\">\n<div class=\"col-xs-12 col-sm-4 col-padding col-md-6 \"><i class=\"fa icon shadow-large-black aligncenter color1 fa-check large\"><\/i>\n<div class=\"\" data-type=\"column\">\n<h1 class=\"\">Traduction<\/h1>\n<h5 class=\"\"><strong>allemand-anglais fran\u00e7ais<\/strong><\/h5>\n<p class=\"lead\"><span style=\"font-size: 17px;\">Je traduis vos documents pour que vous soyez certain de toucher votre cible.<\/span><\/p>\n\n<\/div>\n<\/div>\n<div class=\"col-xs-12 col-sm-4 col-padding col-md-6 \"><i class=\"fa icon shadow-large-black aligncenter color1 fa-check large\"><\/i>\n<div class=\"\" data-type=\"column\">\n<h1 class=\"\">Post-\u00e9dition<\/h1>\n<h5 class=\"\"><strong>allemand-anglais fran\u00e7ais<\/strong><\/h5>\n<p class=\"\"><span style=\"font-size: 17px; color: #000000;\">Je reprends vos textes pr\u00e9-traduits pour r\u00e9\u00e9crire une version publiable.<\/span><\/p>\n\n<\/div>\n<\/div>\n<div class=\"col-xs-12 col-sm-4 col-padding col-md-6 \"><i class=\"fa icon shadow-large-black aligncenter color1 fa-check large\"><\/i>\n<div class=\"\" data-type=\"column\">\n<h1 class=\"\">R\u00e9vision, relecture<\/h1>\n<h5 class=\"\"><strong>fran\u00e7ais<\/strong><\/h5>\n<p class=\"lead\"><span style=\"font-size: 17px;\">Je corrige et relis vos documents d\u00e9j\u00e0 traduits pour offrir un second regard sur votre texte.<\/span><\/p>\n\n<\/div>\n<\/div>\n<div class=\"col-xs-12 col-sm-4 col-padding col-md-6 \"><i class=\"fa icon shadow-large-black aligncenter color1 fa-check large\"><\/i>\n<div class=\"\" data-type=\"column\">\n<h1 class=\"\">R\u00e9daction, transcription<\/h1>\n<h5 class=\"\"><strong>fran\u00e7ais<\/strong><\/h5>\n<p class=\"lead\"><span style=\"font-size: 17px;\">Je transforme vos contenus audio\/vid\u00e9o en langue fran\u00e7aise en textes publiables. Je r\u00e9dige vos contenus pour une communication efficace et cibl\u00e9e.<\/span><\/p>\n\n<\/div>\n<\/div>\n<\/div>\n<\/div>\n<\/div>\n<p class=\"has-text-align-center has-black-color has-text-color has-link-color has-medium-font-size wp-elements-caa37fdb1a8a2f7228a6c9c2bbc74b8a\"><span style=\"color: #000000;\"><strong style=\"font-size: var(--wp--preset--font-size--medium);\">Traductrice DE-EN&gt;FR, titulaire de la certification de Traducteur (RNCP 34 534) par Edvenn (juin 2023), je suis sp\u00e9cialis\u00e9e dans les domaines suivants :<\/strong><\/span><\/p>\n\n<ul>\n \t<li class=\"has-text-align-center has-black-color has-text-color has-link-color has-medium-font-size wp-elements-caa37fdb1a8a2f7228a6c9c2bbc74b8a\"><strong>les sciences de l\u2019\u00e9ducation et la formation (r\u00e9f\u00e9rentiels, contrats de<\/strong>\n<strong>formation, contenus p\u00e9dagogiques) ;<\/strong><\/li>\n \t<li class=\"has-text-align-center has-black-color has-text-color has-link-color has-medium-font-size wp-elements-caa37fdb1a8a2f7228a6c9c2bbc74b8a\"><strong>les ressources humaines (recrutement, management, qualit\u00e9 de vie<\/strong>\n<strong>au travail) ;<\/strong><\/li>\n \t<li class=\"has-text-align-center has-black-color has-text-color has-link-color has-medium-font-size wp-elements-caa37fdb1a8a2f7228a6c9c2bbc74b8a\"><strong>l\u2019informatique (logiciels, mat\u00e9riel, manuels utilisateur).<\/strong><\/li>\n<\/ul>\n<p class=\"has-text-align-center has-black-color has-text-color has-link-color has-medium-font-size wp-elements-7ccbb9796ee3f46d46ee3444f0f16a19\"><strong>Passionn\u00e9e par la langue allemande et la linguistique, je permets \u00e0 vos textes de voyager l\u00e0 o\u00f9 vous voulez les amener tout en pr\u00e9servant les dimensions s\u00e9mantiques, linguistiques et culturelles. <\/strong><\/p>\n<p class=\"has-text-align-center has-black-color has-text-color has-link-color has-medium-font-size wp-elements-7ccbb9796ee3f46d46ee3444f0f16a19\"><strong>Ainsi, les id\u00e9es deviennent compr\u00e9hensibles et accessibles \u00e0 d\u2019autres cultures. <\/strong><\/p>\n<p class=\"has-text-align-center has-black-color has-text-color has-link-color has-medium-font-size wp-elements-7ccbb9796ee3f46d46ee3444f0f16a19\"><strong>Mon sens du d\u00e9tail et mes connaissances linguistiques me permettent de travailler avec pr\u00e9cision pour des traductions justes qui rencontrent leur public.<\/strong><\/p>\n<p class=\"has-text-align-center has-black-color has-text-color has-link-color has-medium-font-size wp-elements-69f56e15edd043f5b812eaa250cf89f0\"><strong>\u00c0 l\u2019\u00e9coute de vos besoins, je me tiens pr\u00eate \u00e0 \u00e9changer avec vous si vous souhaitez de plus amples informations sur mes comp\u00e9tences et pour d\u00e9finir ensemble les conditions id\u00e9ales de notre collaboration sur votre projet de traduction.<\/strong><\/p>\n\n<div class=\"wp-block-file\" data-wp-interactive=\"\"><\/div>\n<div class=\"wp-block-file\" style=\"text-align: center;\" data-wp-interactive=\"core\/file\"><a id=\"wp-block-file--media-af370491-b996-4365-9449-cd01765c459c\" class=\"\" href=\"https:\/\/www.tradimension.fr\/wp-content\/uploads\/2024\/05\/Praxis-Spezialverlag-DaFUbersetung-FR.pdf\">Praxis-Spezialverlag-DaFUbersetung-FR<\/a><a class=\"wp-block-file__button wp-element-button\" href=\"https:\/\/www.tradimension.fr\/wp-content\/uploads\/2024\/05\/Praxis-Spezialverlag-DaFUbersetung-FR.pdf\" download=\"\" aria-describedby=\"wp-block-file--media-af370491-b996-4365-9449-cd01765c459c\">T\u00e9l\u00e9charger<\/a><\/div>\n<div class=\"wp-block-file\" style=\"text-align: center;\" data-wp-interactive=\"core\/file\"><a class=\"\" href=\"https:\/\/www.tradimension.fr\/wp-content\/uploads\/2024\/10\/Portfolio-Tradimension-Traductrice-DE-EN-FR.pdf\" target=\"_blank\" rel=\"noopener\" data-cp-link=\"1\">Portfolio Tradimension Traductrice DE EN FR<\/a>\n<a class=\"wp-block-file__button wp-element-button\" href=\"https:\/\/www.tradimension.fr\/wp-content\/uploads\/2024\/09\/Portfolio-Tradimension-Traductrice-DE-EN-FR.pdf\" download=\"\" aria-describedby=\"wp-block-file--media-122ee754-1187-48f2-9f26-ca037babf26e\">T\u00e9l\u00e9charger<\/a><\/div>\n<div class=\"wp-block-columns is-layout-flex wp-container-core-columns-is-layout-1 wp-block-columns-is-layout-flex\">\n<div class=\"wp-block-column is-layout-flow wp-block-column-is-layout-flow\" style=\"flex-basis: 100%;\"><\/div>\n<\/div>\n<figure><img loading=\"lazy\" decoding=\"async\" class=\"aligncenter\" src=\"https:\/\/www.tradimension.fr\/wp-content\/uploads\/2024\/10\/WhatsApp-Image-2024-10-29-a-11.06.44_760b0942-768x1024.jpg\" sizes=\"auto, (max-width: 768px) 100vw, 768px\" srcset=\"https:\/\/www.tradimension.fr\/wp-content\/uploads\/2024\/10\/WhatsApp-Image-2024-10-29-a-11.06.44_760b0942-768x1024.jpg 768w, https:\/\/www.tradimension.fr\/wp-content\/uploads\/2024\/10\/WhatsApp-Image-2024-10-29-a-11.06.44_760b0942-225x300.jpg 225w, https:\/\/www.tradimension.fr\/wp-content\/uploads\/2024\/10\/WhatsApp-Image-2024-10-29-a-11.06.44_760b0942-1152x1536.jpg 1152w, https:\/\/www.tradimension.fr\/wp-content\/uploads\/2024\/10\/WhatsApp-Image-2024-10-29-a-11.06.44_760b0942-1024x1365.jpg 1024w, https:\/\/www.tradimension.fr\/wp-content\/uploads\/2024\/10\/WhatsApp-Image-2024-10-29-a-11.06.44_760b0942-810x1080.jpg 810w, https:\/\/www.tradimension.fr\/wp-content\/uploads\/2024\/10\/WhatsApp-Image-2024-10-29-a-11.06.44_760b0942.jpg 1500w\" alt=\"traduction\ntranslator\n\u00fcbersetzung\" width=\"768\" height=\"1024\" \/><\/figure>","protected":false},"excerpt":{"rendered":"<p>Traduction allemand-anglais fran\u00e7ais Je traduis vos documents pour que vous soyez certain de toucher votre cible. Post-\u00e9dition allemand-anglais fran\u00e7ais Je reprends vos textes pr\u00e9-traduits pour r\u00e9\u00e9crire une version publiable. R\u00e9vision, relecture fran\u00e7ais Je corrige et relis vos documents d\u00e9j\u00e0 traduits pour offrir un second regard sur votre texte. R\u00e9daction, transcription fran\u00e7ais Je transforme vos contenus&hellip; <br \/> <a class=\"read-more\" href=\"https:\/\/www.tradimension.fr\/\">Lire la suite<\/a><\/p>\n","protected":false},"author":1,"featured_media":1122,"parent":0,"menu_order":0,"comment_status":"closed","ping_status":"closed","template":"page-templates\/homepage.php","meta":{"footnotes":""},"class_list":["post-1039","page","type-page","status-publish","has-post-thumbnail","hentry"],"yoast_head":"<!-- This site is optimized with the Yoast SEO plugin v27.1.1 - https:\/\/yoast.com\/product\/yoast-seo-wordpress\/ -->\n<title>Traductrice de l&#039;allemand et de l&#039;anglais vers le fran\u00e7ais - Tradimension<\/title>\n<meta name=\"description\" content=\"traductrice allemand fran\u00e7ais deutsch franz\u00f6sisch, ing\u00e9nierie p\u00e9dagogique, RH, formation professionnelle\" \/>\n<meta name=\"robots\" content=\"index, follow, max-snippet:-1, max-image-preview:large, max-video-preview:-1\" \/>\n<link rel=\"canonical\" href=\"https:\/\/www.tradimension.fr\/\" \/>\n<meta property=\"og:locale\" content=\"fr_FR\" \/>\n<meta property=\"og:type\" content=\"article\" \/>\n<meta property=\"og:title\" content=\"Traductrice de l&#039;allemand et de l&#039;anglais vers le fran\u00e7ais - Tradimension\" \/>\n<meta property=\"og:description\" content=\"traductrice allemand fran\u00e7ais deutsch franz\u00f6sisch, ing\u00e9nierie p\u00e9dagogique, RH, formation professionnelle\" \/>\n<meta property=\"og:url\" content=\"https:\/\/www.tradimension.fr\/\" \/>\n<meta property=\"og:site_name\" content=\"Tradimension\" \/>\n<meta property=\"article:modified_time\" content=\"2026-03-06T17:32:36+00:00\" \/>\n<meta property=\"og:image\" content=\"https:\/\/www.tradimension.fr\/wp-content\/uploads\/2023\/09\/cropped-TRADIMENSION_Logo_Fond-Blanc.jpg\" \/>\n\t<meta property=\"og:image:width\" content=\"512\" \/>\n\t<meta property=\"og:image:height\" content=\"512\" \/>\n\t<meta property=\"og:image:type\" content=\"image\/jpeg\" \/>\n<meta name=\"twitter:card\" content=\"summary_large_image\" \/>\n<meta name=\"twitter:label1\" content=\"Dur\u00e9e de lecture estim\u00e9e\" \/>\n\t<meta name=\"twitter:data1\" content=\"2 minutes\" \/>\n<script type=\"application\/ld+json\" class=\"yoast-schema-graph\">{\"@context\":\"https:\/\/schema.org\",\"@graph\":[{\"@type\":\"WebPage\",\"@id\":\"https:\/\/www.tradimension.fr\/\",\"url\":\"https:\/\/www.tradimension.fr\/\",\"name\":\"Traductrice de l'allemand et de l'anglais vers le fran\u00e7ais - Tradimension\",\"isPartOf\":{\"@id\":\"https:\/\/www.tradimension.fr\/#website\"},\"primaryImageOfPage\":{\"@id\":\"https:\/\/www.tradimension.fr\/#primaryimage\"},\"image\":{\"@id\":\"https:\/\/www.tradimension.fr\/#primaryimage\"},\"thumbnailUrl\":\"https:\/\/www.tradimension.fr\/wp-content\/uploads\/2023\/09\/cropped-TRADIMENSION_Logo_Fond-Blanc.jpg\",\"datePublished\":\"2023-09-06T07:44:43+00:00\",\"dateModified\":\"2026-03-06T17:32:36+00:00\",\"description\":\"traductrice allemand fran\u00e7ais deutsch franz\u00f6sisch, ing\u00e9nierie p\u00e9dagogique, RH, formation professionnelle\",\"breadcrumb\":{\"@id\":\"https:\/\/www.tradimension.fr\/#breadcrumb\"},\"inLanguage\":\"fr-FR\",\"potentialAction\":[{\"@type\":\"ReadAction\",\"target\":[\"https:\/\/www.tradimension.fr\/\"]}]},{\"@type\":\"ImageObject\",\"inLanguage\":\"fr-FR\",\"@id\":\"https:\/\/www.tradimension.fr\/#primaryimage\",\"url\":\"https:\/\/www.tradimension.fr\/wp-content\/uploads\/2023\/09\/cropped-TRADIMENSION_Logo_Fond-Blanc.jpg\",\"contentUrl\":\"https:\/\/www.tradimension.fr\/wp-content\/uploads\/2023\/09\/cropped-TRADIMENSION_Logo_Fond-Blanc.jpg\",\"width\":512,\"height\":512,\"caption\":\"Traduction de l'allemand vers le fran\u00e7ais ressources humaines jeux vid\u00e9o formation informatique\"},{\"@type\":\"BreadcrumbList\",\"@id\":\"https:\/\/www.tradimension.fr\/#breadcrumb\",\"itemListElement\":[{\"@type\":\"ListItem\",\"position\":1,\"name\":\"Accueil\",\"item\":\"https:\/\/www.tradimension.fr\/\"},{\"@type\":\"ListItem\",\"position\":2,\"name\":\"Traductrice de l&rsquo;allemand et de l&rsquo;anglais vers le fran\u00e7ais\"}]},{\"@type\":\"WebSite\",\"@id\":\"https:\/\/www.tradimension.fr\/#website\",\"url\":\"https:\/\/www.tradimension.fr\/\",\"name\":\"Tradimension\",\"description\":\"\",\"publisher\":{\"@id\":\"https:\/\/www.tradimension.fr\/#organization\"},\"potentialAction\":[{\"@type\":\"SearchAction\",\"target\":{\"@type\":\"EntryPoint\",\"urlTemplate\":\"https:\/\/www.tradimension.fr\/?s={search_term_string}\"},\"query-input\":{\"@type\":\"PropertyValueSpecification\",\"valueRequired\":true,\"valueName\":\"search_term_string\"}}],\"inLanguage\":\"fr-FR\"},{\"@type\":\"Organization\",\"@id\":\"https:\/\/www.tradimension.fr\/#organization\",\"name\":\"Tradimension\",\"url\":\"https:\/\/www.tradimension.fr\/\",\"logo\":{\"@type\":\"ImageObject\",\"inLanguage\":\"fr-FR\",\"@id\":\"https:\/\/www.tradimension.fr\/#\/schema\/logo\/image\/\",\"url\":\"https:\/\/www.tradimension.fr\/wp-content\/uploads\/2023\/10\/TRADIMENSION_Picto_Fond-Blanc.jpg\",\"contentUrl\":\"https:\/\/www.tradimension.fr\/wp-content\/uploads\/2023\/10\/TRADIMENSION_Picto_Fond-Blanc.jpg\",\"width\":506,\"height\":506,\"caption\":\"Tradimension\"},\"image\":{\"@id\":\"https:\/\/www.tradimension.fr\/#\/schema\/logo\/image\/\"}}]}<\/script>\n<!-- \/ Yoast SEO plugin. -->","yoast_head_json":{"title":"Traductrice de l'allemand et de l'anglais vers le fran\u00e7ais - Tradimension","description":"traductrice allemand fran\u00e7ais deutsch franz\u00f6sisch, ing\u00e9nierie p\u00e9dagogique, RH, formation professionnelle","robots":{"index":"index","follow":"follow","max-snippet":"max-snippet:-1","max-image-preview":"max-image-preview:large","max-video-preview":"max-video-preview:-1"},"canonical":"https:\/\/www.tradimension.fr\/","og_locale":"fr_FR","og_type":"article","og_title":"Traductrice de l'allemand et de l'anglais vers le fran\u00e7ais - Tradimension","og_description":"traductrice allemand fran\u00e7ais deutsch franz\u00f6sisch, ing\u00e9nierie p\u00e9dagogique, RH, formation professionnelle","og_url":"https:\/\/www.tradimension.fr\/","og_site_name":"Tradimension","article_modified_time":"2026-03-06T17:32:36+00:00","og_image":[{"width":512,"height":512,"url":"https:\/\/www.tradimension.fr\/wp-content\/uploads\/2023\/09\/cropped-TRADIMENSION_Logo_Fond-Blanc.jpg","type":"image\/jpeg"}],"twitter_card":"summary_large_image","twitter_misc":{"Dur\u00e9e de lecture estim\u00e9e":"2 minutes"},"schema":{"@context":"https:\/\/schema.org","@graph":[{"@type":"WebPage","@id":"https:\/\/www.tradimension.fr\/","url":"https:\/\/www.tradimension.fr\/","name":"Traductrice de l'allemand et de l'anglais vers le fran\u00e7ais - Tradimension","isPartOf":{"@id":"https:\/\/www.tradimension.fr\/#website"},"primaryImageOfPage":{"@id":"https:\/\/www.tradimension.fr\/#primaryimage"},"image":{"@id":"https:\/\/www.tradimension.fr\/#primaryimage"},"thumbnailUrl":"https:\/\/www.tradimension.fr\/wp-content\/uploads\/2023\/09\/cropped-TRADIMENSION_Logo_Fond-Blanc.jpg","datePublished":"2023-09-06T07:44:43+00:00","dateModified":"2026-03-06T17:32:36+00:00","description":"traductrice allemand fran\u00e7ais deutsch franz\u00f6sisch, ing\u00e9nierie p\u00e9dagogique, RH, formation professionnelle","breadcrumb":{"@id":"https:\/\/www.tradimension.fr\/#breadcrumb"},"inLanguage":"fr-FR","potentialAction":[{"@type":"ReadAction","target":["https:\/\/www.tradimension.fr\/"]}]},{"@type":"ImageObject","inLanguage":"fr-FR","@id":"https:\/\/www.tradimension.fr\/#primaryimage","url":"https:\/\/www.tradimension.fr\/wp-content\/uploads\/2023\/09\/cropped-TRADIMENSION_Logo_Fond-Blanc.jpg","contentUrl":"https:\/\/www.tradimension.fr\/wp-content\/uploads\/2023\/09\/cropped-TRADIMENSION_Logo_Fond-Blanc.jpg","width":512,"height":512,"caption":"Traduction de l'allemand vers le fran\u00e7ais ressources humaines jeux vid\u00e9o formation informatique"},{"@type":"BreadcrumbList","@id":"https:\/\/www.tradimension.fr\/#breadcrumb","itemListElement":[{"@type":"ListItem","position":1,"name":"Accueil","item":"https:\/\/www.tradimension.fr\/"},{"@type":"ListItem","position":2,"name":"Traductrice de l&rsquo;allemand et de l&rsquo;anglais vers le fran\u00e7ais"}]},{"@type":"WebSite","@id":"https:\/\/www.tradimension.fr\/#website","url":"https:\/\/www.tradimension.fr\/","name":"Tradimension","description":"","publisher":{"@id":"https:\/\/www.tradimension.fr\/#organization"},"potentialAction":[{"@type":"SearchAction","target":{"@type":"EntryPoint","urlTemplate":"https:\/\/www.tradimension.fr\/?s={search_term_string}"},"query-input":{"@type":"PropertyValueSpecification","valueRequired":true,"valueName":"search_term_string"}}],"inLanguage":"fr-FR"},{"@type":"Organization","@id":"https:\/\/www.tradimension.fr\/#organization","name":"Tradimension","url":"https:\/\/www.tradimension.fr\/","logo":{"@type":"ImageObject","inLanguage":"fr-FR","@id":"https:\/\/www.tradimension.fr\/#\/schema\/logo\/image\/","url":"https:\/\/www.tradimension.fr\/wp-content\/uploads\/2023\/10\/TRADIMENSION_Picto_Fond-Blanc.jpg","contentUrl":"https:\/\/www.tradimension.fr\/wp-content\/uploads\/2023\/10\/TRADIMENSION_Picto_Fond-Blanc.jpg","width":506,"height":506,"caption":"Tradimension"},"image":{"@id":"https:\/\/www.tradimension.fr\/#\/schema\/logo\/image\/"}}]}},"_links":{"self":[{"href":"https:\/\/www.tradimension.fr\/index.php?rest_route=\/wp\/v2\/pages\/1039","targetHints":{"allow":["GET"]}}],"collection":[{"href":"https:\/\/www.tradimension.fr\/index.php?rest_route=\/wp\/v2\/pages"}],"about":[{"href":"https:\/\/www.tradimension.fr\/index.php?rest_route=\/wp\/v2\/types\/page"}],"author":[{"embeddable":true,"href":"https:\/\/www.tradimension.fr\/index.php?rest_route=\/wp\/v2\/users\/1"}],"replies":[{"embeddable":true,"href":"https:\/\/www.tradimension.fr\/index.php?rest_route=%2Fwp%2Fv2%2Fcomments&post=1039"}],"version-history":[{"count":118,"href":"https:\/\/www.tradimension.fr\/index.php?rest_route=\/wp\/v2\/pages\/1039\/revisions"}],"predecessor-version":[{"id":1450,"href":"https:\/\/www.tradimension.fr\/index.php?rest_route=\/wp\/v2\/pages\/1039\/revisions\/1450"}],"wp:featuredmedia":[{"embeddable":true,"href":"https:\/\/www.tradimension.fr\/index.php?rest_route=\/wp\/v2\/media\/1122"}],"wp:attachment":[{"href":"https:\/\/www.tradimension.fr\/index.php?rest_route=%2Fwp%2Fv2%2Fmedia&parent=1039"}],"curies":[{"name":"wp","href":"https:\/\/api.w.org\/{rel}","templated":true}]}}